 g**3 + g**2 + g. Let b(i) = 21*i**3 + 4*i**2 + 6*i + 1. Let u(w) = b(w) - 4*q(w). What is u(f)?
-18
Let j = -1986 + 1978. Let n(o) = o**3 + 7*o**2 - 3*o. What is n(j)?
-40
Let w(g) = g**2 - 8*g + 9. Let s be w(7). Let u(q) = -7*q - 23*q**2 - 4 - 21*q**2 - q**3 + 37*q**s. Give u(-6).
2
Let k = 6 - 13. Let q(m) = m**3 + 6*m**2 - 5*m + 12. Let v be q(k). Let x(z) = z**3 + 2*z**2 + z - 2. What is x(v)?
-4
Let j(u) = -7*u**3 - 22*u**2 + 9*u + 3. Let r(c) = 4*c**3 + 11*c**2 - 5*c - 1. Let h(p) = -3*j(p) - 5*r(p). Calculate h(-11).
18
Let u(m) = -m**3 - 6*m**2 + 7*m - 3. Let p be (8 + (-2)/(-2))/1. Let y = p + -16. Calculate u(y).
-3
Let y = 1083 + -1092. Let b(l) = -l**2 - 8*l - 4. Give b(y).
-13
Suppose 8*x - 2 = -k + 11*x, 2*k = -4*x + 4. Let d(n) be the second derivative of -n**4/12 + 2*n**3/3 - 2*n. Calculate d(k).
4
Let j = -74 - 12. Let x = -84 - j. Let r(k) = -4*k**2 + 1. What is r(x)?
-15
Let y(s) = -6*s - 3. Let o(v) = v**3 - 25*v**2 + 66*v + 5. Let i be o(22). Determine y(i).
-33
Let m(s) be the third derivative of -s**5/60 - s**4/8 + 8*s**3/3 + 4*s**2 + 24*s. Give m(-5).
6
Let v(g) = 9*g**2 + 10 + 261*g - 130*g - 140*g - g**3. Give v(8).
2
Let q = -14 - -15. Let n(y) = -y**2 + y - 1. Calculate n(q).
-1
Let s(k) be the second derivative of k**6/360 - 7*k**5/120 + k**4/4 + 9*k**3/2 + 27*k. Let n(u) be the second derivative of s(u). What is n(5)?
-4
Suppose 25*k = r + 20*k + 11, 0 = 2*r - 3*k + 1. Let i(o) = -3*o - 8. Determine i(r).
-20
Suppose 8*x - 2*h = 11*x - 14, 2 = 5*x - 2*h. Let d = 4 - 0. Let m(p) = -d + 3 + 4*p - 2. Calculate m(x).
5
Suppose 0 = 12*y - 10*y - 10. Let k(t) = 17*t**2 + y*t - t**3 - 35*t**2 + 13*t**2 + 7 - 2*t. Calculate k(-5).
-8
Let x(i) = 17*i - 31. Let s(v) = 10*v - 16. Let j(d) = 7*s(d) - 4*x(d). Determine j(-6).
0
Let z(s) be the second derivative of 2*s**3/3 - s**2 + 210*s. Determine z(4).
14
Let b(p) = p**2 + 10*p - 13. Suppose -3*v + 29*x - 23 = 28*x, 3*x + 12 = 0. Determine b(v).
-22
Let i = 860 + -866. Let g(j) = 15*j - 15. Let t(z) = z**3 + 5*z**2 + 2*z + 5. Let p be t(-4). Let u(l) = 7*l - 7. Let w(a) = p*u(a) - 6*g(a). Give w(i).
-7
Let z(d) = d**3 - 9*d**2 + 9*d - 9. Suppose -6*i - 34 = -82. Give z(i).
-1
Let w(y) = -y - 5. Let q be w(-7). Let l(n) = -n**3 - 3*n**2 + 10*n. Let p be l(-5). Let g(d) = d**2 + 3*d + d + p*d**q. Give g(-4).
0
Let z = -7 - -11. Suppose -j = 2*p + 2, 18 = 4*j - p - z*p. Suppose 0 = 4*c + 14 + j. Let o(m) = m**2 + 3*m - 3. Calculate o(c).
1
Let o(c) = -c**3 - 5*c**2 - 3*c - 2. Let y be o(-4). Let i(s) be the first derivative of -2*s**2 - 2*s + 97. What is i(y)?
22
Let l(g) = -g**3 - g**2 + 3*g - 2. Let v(c) = c**3 + 3*c**2 + 2*c + 3. Let i be v(0). Give l(i).
-29
Let j = -24 - -31. Let t(m) = -4*m + 5. Let o(g) = g - 2. Let h(i) = j*o(i) + 2*t(i). Let r = -21 - -18. Calculate h(r).
-1
Let z(u) be the first derivative of -1/3*u**3 - 6*u + 7/2*u**2 - 6. Determine z(5).
4
Let z(l) = 6*l**3 - l. Suppose 3 = 4*h - 9. Let t(x) = -x**3 + 2*x**2 + 4*x - 4. Let j be t(h). Let s(u) = 2*u**2 + 2*u + 1. Let b be s(j). Give z(b).
5
Let j = -7 - -12. Let i = 24 + -27. Let r(k) = 9*k**3 - 12*k**2 - k + 21. Let u(g) = 4*g**3 - 6*g**2 + 10. Let a(l) = i*r(l) + 7*u(l). Calculate a(j).
-3
Let v(b) be the third derivative of b**6/120 - b**4/24 - 10*b**3/3 - 164*b**2 + 1. Calculate v(0).
-20
Let j be (-21)/14 - (-2)/4. Let q(x) = -x**2 + 5*x + 1. Let l(u) = -u**2 + 6*u + 1. Let w(d) = 3*l(d) - 4*q(d). Determine w(j).
2
Let v(c) = -c**3 - c**2 + c. Let u(y) = 2*y**3 + 5*y**2 - 4*y + 1. Let a(f) = -u(f) - 3*v(f). What is a(3)?
11
Let n(g) = -g**2 + 7*g + 19. Let p = 1060 + -1051. What is n(p)?
1
Let i be 52/16 - 3/12. Let f be (9 - 2)*6/21. Let v(b) = f*b**2 + 3 - 5 - 4*b**2 + 6*b - 3*b. Determine v(i).
-11
Let f = 120 - -108. Let c = f + -226. Let k(l) = 1. Let n(t) = 2*t. Let h(o) = 2*k(o) + n(o). Give h(c).
6
Let o(m) = -7*m**2 + 6*m - 53. Let q(r) = 5*r**2 - 5*r + 49. Let h(b) = -3*o(b) - 4*q(b). What is h(0)?
-37
Let m(i) = 3*i + 3. Let v be m(8). Let h(a) = -v*a + 32*a - 3 + 3*a**3 - 7*a**2 - 2*a**3. Suppose 3*g + 3*b + 0 = 33, 15 = 3*b. What is h(g)?
-9
Let p(j) = 0 + 10*j**2 + 8*j**2 - 19*j**2 - 6 + j - 9. Suppose y = -3*y. Calculate p(y).
-15
Let x(v) = -v + 3. Let y be x(-13). Suppose -u - 10 + y = 0. Let d(j) = j**2 - 8*j + 1. What is d(u)?
-11
Let i(q) = 1 - 163*q**2 + q**3 + 160*q**2 + 2 - 1 - 2*q. Let a(s) = 4*s - 1. Let b be a(1). What is i(b)?
-4
Suppose 19 = -2*p + 25. Let m(f) = -1 - 3*f**2 - 5*f**3 + 4*f**p + 2*f**2 + 2. What is m(-1)?
1
Suppose 167*j - 152*j = 60. Let o(n) = -n + 10. Calculate o(j).
6
Let o = -32 + 29. Suppose 4*v = 3*b - 14, v = 4*b - b - 8. Let q(z) = 3*z + z - z - z**b + 2*z**2. What is q(o)?
0
Let b(c) = 7*c**3 - 17*c**2 + 7*c + 5. Let o(m) = 3*m**3 - 8*m**2 + 4*m + 2. Let t(x) = -2*b(x) + 5*o(x). Let p be 2/8 - 133/(-28). Give t(p).
5
Let p = 27 - 23. Suppose -p*l - 4 = -0*l. Let c(y) = 8*y - 1. Give c(l).
-9
Let q be ((-8)/10)/((-14)/35). Let a(d) = 1 + 0 - 6662*d**2 + 6659*d**2. Calculate a(q).
-11
Let j = 8 + -2. Let h(d) = d**2 - 9*d + 7. Give h(j).
-11
Let j be (-30)/1 - (-20)/20. Let i = -24 - j. Let t be 2 - i - (13 - 16). Let v(d) = -d**2. Determine v(t).
0
Let h(y) = -2*y - 28. Let x(f) = 2*f**3 + 4*f**2 + 3*f + 12. Let j be x(-3). Calculate h(j).
2
Let h(u) be the second derivative of -u**4/12 + u**3/6 - 5*u**2/2 - 4*u. Let o be -4 - (-1 + 6/(-2)). Give h(o).
-5
Let h(x) = 2*x**2 + 3*x - 24. Let v(w) = 5*w**2 + 7*w - 48. Let c(f) = -7*h(f) + 3*v(f). Let q = 9 + -9. Give c(q).
24
Let v(p) = -p**3 - 6*p**2 + 6*p - 3. Suppose 0 = -13*b + 10*b + 18. Suppose -b = -3*x - 27. What is v(x)?
4
Suppose -2*s = 5*j - 41 + 122, 0 = 3*j - 9. Let x = -51 - s. Let k(r) = r - 2. Determine k(x).
-5
Let h(u) = -2*u**3 - 4*u**2 - 2*u. Let n(z) = -2*z**2 - 3*z - 4. Let d = -21 + 19. Let a be n(d). Let i = 4 + a. Calculate h(i).
4
Let j(u) be the second derivative of u**3/3 - 15*u**2/2 + 3*u. Let b(p) be the first derivative of -p**2/2 + 8*p + 5. Let o(t) = 11*b(t) + 6*j(t). What is o(1)?
-1
Let z(v) be the third derivative of v**6/120 - v**5/10 + v**4/24 - v**3 + v**2 + 11*v. What is z(6)?
0
Let u(n) = 4 + 7 - 8*n - 3 - 9. Let z = -2 - -3. What is u(z)?
-9
Let p(u) be the first derivative of -21 - u**2 - 2/3*u**3 + 0*u + 1/4*u**4. Determine p(-2).
-12
Let p = 413 - 418. Let m(a) = -a - 11. Calculate m(p).
-6
Let m(x) = -x. Let d(b) be the third derivative of b**4/6 + b**3/3 + 15*b**2. Let t(g) = -2*d(g) - 6*m(g). Give t(-6).
8
Let t(f) = f**2 + f. Let w be -1*(1 + 1 - 18/2). Suppose -6*j = -5*j + z, -4*j - w = -3*z. Determine t(j).
0
Let r(d) = 2*d**3 - 8*d**2 - 10*d + 21. Let h be r(5). Suppose -c = 1 - 4. Let m(u) = -u**c - 2*u**2 - 11 + h - 8. Give m(-3).
11
Let u(l) = 7*l**2 - l. Let i be u(-1). Let t(n) = -n**3 + 2*n. Let p(r) = 5*r**3 - 7*r**2 - 16*r - 1. Let z(h) = -p(h) - 4*t(h). Determine z(i).
1
Let p = 244 - 238. Let s(i) = -i**2 + 6*i - 2. Determine s(p).
-2
Let b(u) = u + 5. Let z be 440/(-66) - 15/(-9). What is b(z)?
0
Let y(s) = 7*s. Suppose 0 = 9*i - 17 + 26. Calculate y(i).
-7
Let v(u) = 10*u - 4. Let p(q) = 17*q - 7. Let x(i) = -3*p(i) + 5*v(i). What is x(-6)?
7
Let g(f) = f - 1. Let t(j) = 12*j - 12. Let v(u) = 16*g(u) - t(u). Let s(q) = -13*q + 11. Let l(r) = -3*s(r) - 8*v(r). Determine l(-2).
-15
Let m(b) = -2*b - 41. Let n be (-25)/(-30) - (-1875)/(-90). Give m(n).
-1
Let o be -1*2 - (-9 - -6). Let y(g) = -1 + 2 + 2*g - 3*g + 0*g. Let u(j) = 2*j - 5. Let p(l) = u(l) + 6*y(l). Determine p(o).
-3
Let m(j) = -5*j. Suppose 23 = -9*b - 4. Give m(b).
15
Let n(z) be the first derivative of -2*z**4/3 + z**2/2 - 10*z + 8. Let c(b) be the first derivative of n(b). What is c(-1)?
-7
Suppose 44 = 6*f + 32. Let y(k) be the third derivative of 0 - 7/6*k**3 - 5*k**f + 0*k - 1/24*k**4. Calculate y(-5).
-2
Let l(v) = v**2 + v + 2. Suppose -5*o + 15 = -4*g, 15 + 15 = -5*o - 5*g. Give l(o).
2
Let k be 10/(-6) - 14/(-21). Let j(i) = i - 66*i**3 + 90*i**3 - 46*i**3. What is j(k)?
21
Let f(b) = -35 - 4*b**2 + 17 - 4*b**2 + 2*b**3 + 8*b + 20 - b**3. What is f(6)?
-22
Let l(b) = 4*b + 4*b - b. Let j(t) be the second derivative of -t**3/2 + t**2 + 4*t. Let c be j(1). Give l(c).
-7
Let m(h) = -h**3 - 6*h**2 - 3. Let q = -247 + 243. Calculate m(q).
-35
Let f(n) = 2 + 0